 = -3*j - 68. Let l = 26 - z. List the prime factors of l.
3, 7
Let l be 8/12*-12*-1. Suppose -11 - 173 = -l*w. What are the prime factors of w?
23
Let c(t) = -3*t - 18. Let d be c(-6). Suppose 4*m = o + 773, 4*m - 770 = -d*o + 2*o. List the prime factors of m.
2, 97
Let s = 1359 + -360. What are the prime factors of s?
3, 37
Let j = -482 - -1497. List the prime factors of j.
5, 7, 29
Suppose -m = d - 7, -3*m + 5*d = -4*m + 7. Suppose -4*p = -3*q + 250, -m*q + 3*q + 346 = p. What are the prime factors of q?
2, 43
Suppose -n - 2*f = -2354, 14*n + 5*f = 10*n + 9419. What are the prime factors of n?
2, 19, 31
Let g(b) = -56*b - 10. List the prime factors of g(-2).
2, 3, 17
Let a(i) = 2*i**3 + i**2 + 1. Let f = 7 - 5. What are the prime factors of a(f)?
3, 7
Suppose -10501 = -7*d - 3760. Suppose -4*k - 5 + 17 = 0, 5*w = 4*k + d. List the prime factors of w.
3, 5, 13
Let o(z) = -75*z - 2. Let h be o(-2). Suppose 3*p - h = 89. List the prime factors of p.
79
Let t be ((-3)/(-12))/((-2)/(-16)). Suppose t*m - 7*m - 80 = 0. Let n = 7 - m. What are the prime factors of n?
23
Let a = 250 + -146. Suppose 3*q + 6*t - a = 2*t, -t - 84 = -2*q. List the prime factors of q.
2, 5
Let m(s) = -2*s**3 - 2*s**2 + 11*s + 15. What are the prime factors of m(-5)?
2, 5
Let j(q) = 2*q**2 - q - 2. Let x(k) = -5*k + 2. Let z be x(-2). Suppose -4*u = -8*u + z. List the prime factors of j(u).
13
Suppose -5*b - 18 = -58. List the prime factors of (b/(-1) + 7)/((-2)/98).
7
Let n be -1 - (-3)/(5 + -2). Let t(y) = -y**2 + y + 81. List the prime factors of t(n).
3
Let o(r) = 2*r + 2. Let q be o(9). Suppose 0 + q = y. What are the prime factors of y?
2, 5
Suppose 3*o + 192 = 4*m - 76, -2*m = -2*o - 134. What are the prime factors of m/(-6)*(-5 - 1)?
67
Let b(m) = 244*m - 41 + 27 + 19. List the prime factors of b(1).
3, 83
Let c(i) = -i**3 + i + 69. Let a be ((-2 + -2)/12*0)/(-2). What are the prime factors of c(a)?
3, 23
What are the prime factors of ((-1)/2)/(10 + 192246/(-19224))?
2, 3, 89
Let j(f) = f**3 + 17*f**2 + 14*f + 25. What are the prime factors of j(-12)?
577
Let p = -21 + 24. Suppose 19 = 4*b - 5*r - 20, p*r - 47 = -4*b. Suppose 5 - b = -q. List the prime factors of q.
2, 3
Suppose -3*c + 489 = -3*t, 4*c + 6*t - 628 = 4*t. List the prime factors of c.
3, 53
Let t = 13 + -7. Suppose -3*g - t = 3. What are the prime factors of g/15 - (-1928)/40?
2, 3
Let p(b) = 6*b**2 + b + 2. Suppose 2*h + 13 = -y, -17 = -2*y + y + 4*h. List the prime factors of p(y).
53
Let x = 43 + -88. What are the prime factors of (124/(-5))/(0 - (-6)/x)?
2, 3, 31
Let u(j) = j**2 - 4*j + 7. Let b be u(3). Suppose b*p - 2*z - z = 279, 369 = 5*p + 3*z. What are the prime factors of p?
2, 3
Suppose 0 = 4*y - 12, 2*v + y - 2*y - 915 = 0. List the prime factors of v.
3, 17
Let n = 676 + -271. Suppose 0*p - n = -3*p. Suppose 12 = 5*u + 2*d - p, 4*d + 54 = 2*u. List the prime factors of u.
29
Suppose 0 = -5*a - 5*v + 916 + 999, 0 = -a + 2*v + 395. List the prime factors of a.
3, 43
Let s = 33 - 25. Let b be (-28)/s*-2 + 0. Suppose 183 = b*j - 55. List the prime factors of j.
2, 17
Suppose 4*b = 4*t - 2*t + 18, 0 = b - 2*t - 9. Let i = 612 - 360. Suppose -i = -b*p - p. List the prime factors of p.
3, 7
Let t = 31 - 19. Suppose -2*y + 8*y - t = 0. List the prime factors of 45/y + (-1)/2.
2, 11
Let d = -34 - -398. What are the prime factors of d?
2, 7, 13
Let n = -31 + 653. What are the prime factors of n?
2, 311
Let r = -186 + 1072. What are the prime factors of r?
2, 443
Let p(d) = -2*d + 10. Let h be p(3). Suppose 0*z = q + h*z - 62, 5*q = -4*z + 374. List the prime factors of q.
2, 3, 13
Suppose -n - 5*z + 7 + 1 = 0, 4*n = 3*z - 37. Let h(g) = g**3 + 9*g**2 + g + 17. List the prime factors of h(n).
2, 3
Let q(f) = f**2 + 7*f. Let i be q(-6). Let j be i/9*(3 - 12). Suppose j + 23 = v. List the prime factors of v.
29
Suppose 29*r - 111 = 26*r. Suppose -3*f + r = 13. Suppose 0 = 3*b - f*b + 380. List the prime factors of b.
2, 19
Let j(d) = 39*d**2 + 5*d - 1. What are the prime factors of j(-3)?
5, 67
Let n = 9567 - 4450. List the prime factors of n.
7, 17, 43
Suppose -7*w + 304 = -3*w. What are the prime factors of w?
2, 19
Suppose -1895 - 25 = -20*k. What are the prime factors of k?
2, 3
Let h be -1 + (-3 + 2 - -2). Suppose 2*z + 2*z = h. Suppose z = -o - r + 19, -4*o = 2*r - 5*r - 104. What are the prime factors of o?
23
Let a(o) = o**3 + 16*o**2 + 16*o + 20. Let j be a(-15). Suppose -5*f + 2*r = 4*r - 594, -2*f + 255 = -j*r. List the prime factors of f.
2, 3, 5
Let x = 29 - 33. Let u be (-2 + -3 + 3)*x. List the prime factors of ((-1)/(-1))/(u/296).
37
Let r be 3 + 8 + 1 + (-18 - -19). Suppose 0 = r*q - 0*q - 1638. List the prime factors of q.
2, 3, 7
Let g be (1 + -2)/(1/64). Suppose -4*j + 6*t = 4*t + 360, -t = -j - 90. Let d = g - j. List the prime factors of d.
2, 13
Let r be (-3)/(-2)*(-40)/15. List the prime factors of 25/10 - 2 - 358/r.
2, 3, 5
Suppose 4*d + 9 + 2 = 3*b, 0 = 3*b + 3*d + 24. Let p be (34/(-6))/(b/9). Let n = -14 + p. What are the prime factors of n?
3
Let x(l) = l + 9*l**2 - 2*l + 11 - 3*l**2 + 4*l. What are the prime factors of x(4)?
7, 17
Let d(w) = -w**3 - 5*w**2 - 8*w + 5. Let t(l) = -l**3 - 8*l**2 - 10*l + 6. Let i be t(-6). List the prime factors of d(i).
89
Let y(q) = 9*q - 5. Let j(v) = v**3 + 5*v**2 - v. Suppose -20 = u + 3*u. Let d be j(u). What are the prime factors of y(d)?
2, 5
Suppose -p + 3 = 1. Let b be (-3)/(-6) + 7/p. Suppose -93 = -b*i + i. List the prime factors of i.
31
Suppose 2*x + 2*s - 1660 = 0, 0 = 66*x - 62*x + 5*s - 3320. List the prime factors of x.
2, 5, 83
List the prime factors of -2 - (-6 - -3 - 2007).
2, 251
Let u(v) = 3*v**2 - 25*v - 14. List the prime factors of u(14).
2, 7
Let z = 229 + 40. What are the prime factors of z?
269
Let w(z) = 5 - 5 + 5*z + 4 + 6*z**2 - z**3. Let d(b) = -b**2 + 8*b - 6. Let s be d(6). What are the prime factors of w(s)?
2, 17
Let o(i) = i**2 - 7*i + 10. Let u be o(6). Suppose 6*f - 2*f + 4 = 4*y, -4*f = -2*y - u. Suppose 0*b + 36 = f*b. List the prime factors of b.
2, 3
Suppose 2 + 7 = 3*u. Suppose -9 = -u*t - 54. Let x = 54 + t. List the prime factors of x.
3, 13
Suppose 3 = -l, -l = 4*g - 6*l + 25. Let p be g + 16 + 0 + 1. Let f(m) = 7*m - 17. List the prime factors of f(p).
2
Suppose 0 = u - 34 - 14. Suppose u = w + 12. What are the prime factors of w?
2, 3
Let r be 2 + (-2)/1 + 10. Suppose -b = 5*l - 41, -37 = -4*l + b + 3. Suppose -j + r = -l. List the prime factors of j.
19
Let o = -91 - -99. List the prime factors of 219 - o/(-2) - 2.
13, 17
Let b(n) = 585*n + 35. List the prime factors of b(3).
2, 5, 179
Suppose -2*l + 0*m - 2*m - 6 = 0, -l + 7 = -m. Suppose 0 = -l*y + 3*y - 2*q - 56, 2*y - q = 103. What are the prime factors of y?
2, 5
Suppose -4*n + 31 = 5*q, -2*n + 12 = n. Suppose -q*y - 4*w = 47, 0*y - 4*w = -2*y - 18. Let z = y - -46. What are the prime factors of z?
3, 11
Suppose 11568 = 397*p - 391*p. List the prime factors of p.
2, 241
Let p = -451 + 862. What are the prime factors of p?
3, 137
Let h be (0 + -2)/(2/4). Let u(x) = -x**3 - 5*x**2 - 5*x + 1. Let v be u(h). Suppose v*n - n + 2*t = 6, -n + 18 = -5*t. List the prime factors of n.
3
Suppose -20 = -y - 4. Suppose 0*d + 4*d - y = 0. Suppose -d*t + 30 = -3*t. What are the prime factors of t?
2, 3, 5
Let k be (10/20)/((-1)/(-12)). Suppose -27 = -k*r + 87. List the prime factors of r.
19
Let t be (-15)/18 + (-3)/18. Let b(x) = x**2 + 4*x + 4. Let j be b(-3). What are the prime factors of 152/(-4)*j/t?
2, 19
What are the prime factors of (-28210)/(-175)*(-25)/(-2)?
5, 13, 31
List the prime factors of (-15 - 2122)*(-1)/1.
2137
Suppose -5*t + 4875 = -11475. What are the prime factors of t?
2, 3, 5, 109
Let k be 1/((-3)/(-9)) - -3. Let r = k + -5. What are the prime factors of (-1)/(r - 24/22)?
11
Let n be (3/(-2))/((-3)/498). Let c = n + -71. What are the prime factors of c?
2, 89
Suppose 3*b = -5*w - 2*b + 5345, -b - 3223 = -3*w. What are the prime factors of w?
29, 37
Suppose 177 = 2*q - 151. Let b = q - 86. List the prime factors of 8/(-24)*(0 - b).
2, 13
Let o(h) = h + 14. Let r(z) = -3. Let t(n) = -2*o(n) - 11*r(n). Let b(i) = -i + 13. Let j be b(19). What are the prime factors of t(j)?
17
Let v(b) = 2*b + 19. Let y(n) = n. Let p(m) = -v(